t p be (444/(-185))/((3/5)/(14/(-7))). Calculate the highest common divisor of p and 11912.
8
Let v = -35 - -74. Suppose 7*b = -3 - v. Let f be (72/(-10))/(b/60). What is the highest common factor of 36 and f?
36
Suppose 0 = -4*i + 2*f + 86, 3*f = -4*i + 47 + 34. Suppose -x - 1 = -6, -k + 2*x + 158 = 0. Calculate the greatest common divisor of k and i.
21
Let n(f) = -14*f**2 - 21*f - 5. Let s be n(-8). Let j = s + 1297. What is the highest common divisor of j and 12?
12
Let i = -9 + 3. Let h(m) = -49*m**2 + 3*m - 2. Let v be h(1). Let z be (v/10)/(i/20). What is the highest common divisor of 40 and z?
8
Suppose -59*m = -62*m + 6, 0 = 5*x + 5*m - 180. Calculate the highest common divisor of 2856 and x.
34
Let f(d) = -41*d. Let z be f(-6). Suppose -189*h = 636 - 2904. Calculate the greatest common divisor of h and z.
6
Let z(i) = 177*i - 2034. Let y be z(22). Calculate the highest common divisor of 62 and y.
62
Let c = 943 + -254. What is the highest common divisor of c and 1219?
53
Suppose -u + 95 = 3*v, 3*u + 4*v = 32 + 228. Calculate the highest common factor of u and 2840.
40
Suppose -45 = -5*p + 2*v + 101, 2*p = v + 59. Suppose p = -5*o + 238. Let f be (-13)/(-1) + -1 + 2. Calculate the greatest common divisor of f and o.
14
Let m(f) = -f**2 + 46*f + 771. Let k be m(-13). Let h be 2/(-4) + (-9)/(-2). Let a be (10/h)/((-6)/(-24)). Calculate the highest common factor of a and k.
2
Let v(p) = 402*p - 3726. Let y be v(10). What is the greatest common factor of y and 1008?
42
Suppose -2*k = 4217 - 4553. What is the highest common factor of k and 136?
8
Let i = 759 + -745. Let z(q) = 7 + q + 1 + q + 3*q. Let j be z(4). Calculate the highest common factor of i and j.
14
Let c be (13 - 10)*26/2. Let v be 1*25/(-15)*-39. Calculate the highest common divisor of c and v.
13
Let d(w) be the first derivative of 2*w**3/3 - 4*w**2 - 126*w - 88. Let j be d(13). What is the highest common divisor of 8 and j?
4
Let j(z) = -z**2 + 19. Let t be j(11). Let d = 157 + t. What is the greatest common factor of 495 and d?
55
Suppose 0 = 14*v - 24*v + 6050. Let u = 616 - v. Suppose -6*p = -4*p - 88. Calculate the highest common factor of p and u.
11
Let d be 24/(-10)*(-1190)/476 - (-211)/1. Calculate the greatest common divisor of d and 91.
7
Let f = 6021 + -5997. Calculate the greatest common divisor of f and 216.
24
Let d be (2/(-12))/(23/(-690)) - -49. Calculate the greatest common divisor of 5076 and d.
54
Let r be (30/9)/(2/30). Let p = 39 - r. Let y = p - -18. What is the highest common factor of y and 63?
7
Let y = 57 - 51. Let f be (2 - -4 - 4)/(y/27). Suppose -3*d - 360 = -8*d. Calculate the highest common divisor of d and f.
9
Let a(b) be the second derivative of 3*b**3/2 + 31*b**2 + 2*b - 2. Let k be a(-4). Calculate the highest common factor of 442 and k.
26
Let f(k) = 96*k - 402. Let p be f(5). What is the greatest common factor of p and 30?
6
Suppose -14*y - 21 = 2*p - 9*y, 0 = y + 3. Let v be 28 + p - (-7)/(-7). What is the greatest common divisor of 54 and v?
6
Let v be (-3)/2*2 - (-1 - 49). Suppose 14*x - v = -5. Calculate the greatest common divisor of 48 and x.
3
Suppose 0 = 11*n - 27 - 105. Let q = -392 + 416. Calculate the greatest common divisor of q and n.
12
Let k be (4 - 3)/(2/28). Let n be 6/k + 22/14. Let r be (3 + 34/4)*n. Calculate the highest common factor of r and 46.
23
Let r(y) be the third derivative of -y**6/120 - y**5/10 - y**4/6 - 23*y**3/6 + 99*y**2. Let a be r(-9). Calculate the greatest common divisor of a and 16.
16
Suppose 13*l = -10*l - 13*l + 72. What is the greatest common factor of 142 and l?
2
Suppose 82 - 100 = 9*f. Let w be f + (-1 - -45) + 4. Suppose -m = -3*m + 46. What is the greatest common divisor of w and m?
23
Suppose 3*l - 434 + 50 = -0*l. Calculate the highest common factor of l and 288.
32
Let j(x) = 13*x - 161. Let f be j(11). Let a be (322/(-28))/(3/f). What is the greatest common divisor of a and 552?
69
Suppose 16*j - 3120 = -18*j + 10*j. What is the highest common divisor of j and 1846?
26
Let s be -24*((-12)/48 + -3). Calculate the highest common factor of s and 2678.
26
Let v(f) = f**3 + 36*f**2 + 101*f + 70. Let p be v(-33). Suppose -p*y + 322 = -382. What is the greatest common divisor of 22 and y?
22
Let y(u) = u**3 - 9*u**2 + 22. Let q be ((-22)/((-33)/(-9) - 3))/1. Let k = q - -42. Let b be y(k). What is the highest common divisor of 22 and b?
22
Let t = 12436 - 12140. What is the greatest common factor of t and 2701?
37
Suppose 4*m + 9725 = 3*z, -5*m + 271 = 281. What is the greatest common divisor of z and 41?
41
Let r(y) = 3644*y + 1600. Let o be r(2). What is the highest common divisor of 88 and o?
88
Suppose -10*n = -13*n - 6. Let s be ((-440)/33)/(n/3). Suppose 5*z - 28 = 4*j, 0*z = -5*z - j + 43. What is the greatest common divisor of s and z?
4
Let i be 53/(-3) - 1/3. Let t = i - -24. Let s be ((-4)/5)/((-4)/510). What is the greatest common factor of t and s?
6
Suppose -34 + 44 = -2*i. Let n be (-2)/(-11) - i/((-550)/(-26710)). What is the highest common factor of 18 and n?
9
Let u be 30/(-80) + (2610/(-16))/(-3). Suppose -6*w = -9*w + u. Calculate the highest common factor of w and 306.
18
Let m = 180 + 229. Suppose 13*z - m - 2867 = 0. Calculate the highest common divisor of z and 36.
36
Suppose 0*q + 4*q - 350 = 5*h, 5*h + 5*q + 350 = 0. Let n = h - -71. Calculate the greatest common factor of 47 and n.
1
Let c = 3483 + -3127. Calculate the greatest common divisor of 623 and c.
89
Suppose -2*q + 21*q + 171 = 0. Suppose 0 = 3*c - 4*h + 123, 0 = -4*h + h + 9. Let v = q - c. Calculate the highest common divisor of 168 and v.
28
Suppose 0 = 3*b + 15, l + 3*b + 76 = -20. Let i be ((-54)/l)/((-1)/(-3)). Calculate the greatest common divisor of 10 and i.
2
Let s be (72/(-15) + 0)/((-6)/15). What is the greatest common factor of 276 and s?
12
Let m be 1/3*-61 + (-3)/(-9). Suppose 3*a + 2098 = 5*z, -z + 2*z - 414 = 2*a. Let s be 11/(-110) - z/m. Calculate the highest common factor of s and 189.
21
Suppose -18 = -4*i + 2. Let u(y) = 15*y - 26. Let n be u(2). Let g be 34 + n - 3/1. What is the greatest common divisor of g and i?
5
Let h(u) = -3*u - 46. Let n(o) = 4*o + 69. Let k(q) = 8*h(q) + 5*n(q). Let m be k(8). Let g = m - -95. What is the highest common divisor of 30 and g?
10
Let w = 10 + -6. Let n = 6 - w. Suppose p + s - 75 = 0, -5*s - 142 - 22 = -n*p. What is the highest common factor of 11 and p?
11
Let o(b) = 2*b**2 + 29*b - 32. Let d be o(-17). Suppose -677 = -13*a - d. What is the highest common factor of a and 6?
6
Suppose 0 = -7*t + 3*t - 2*u - 10, 5*t + 10 = -2*u. Let f = t + 1. Let b be (f + (-4)/6)/(3/234). What is the greatest common factor of 65 and b?
13
Suppose 4*t = 14*t - 40. Suppose 4*y = 3*r - 89 + 31, -5*y + 98 = t*r. Calculate the greatest common divisor of r and 33.
11
Let l be 179 + 0 + 0 + -5 + 7. Suppose 0 = 4*u + 2*a - 7*a - l, -2*a + 6 = 0. What is the highest common divisor of u and 147?
49
Let g(m) = m**3 - 3*m - 1. Let b be g(-1). Suppose -b + 91 = 10*s. Let d = -6 + 7. Calculate the highest common divisor of d and s.
1
Suppose 230646 = 306*g - 347166 + 171444. Calculate the greatest common divisor of 2822 and g.
166
Let h(y) = -y**3 - 2*y**2 + 262*y + 1071. Let q be h(-4). Suppose -2*n + 4*n - 4*p - 282 = 0, -5*p - 710 = -5*n. Calculate the highest common factor of q and n.
11
Let b be 6/(-9) - (-8)/12. Suppose -9*z + 3*z + 60 = b. Suppose -9*p + z*p - 39 = 0. What is the highest common divisor of p and 39?
39
Suppose -21 = -21*b + 336. Suppose -2*h + 31 = -b. Calculate the greatest common divisor of h and 72.
24
Let h be ((-27)/(-15))/(3/9)*85. What is the highest common factor of 1275 and h?
51
Let h(f) = -20*f**2 - 4. Let g be h(2). Let k = 107 + g. What is the highest common factor of k and 253?
23
Let x(w) = -w**3 + 2*w**2 - 8*w - 14. Let g be x(-4). Suppose g = 6*q + 13*q. Let o = -59 - -101. What is the highest common divisor of o and q?
6
Suppose 0 = -2*f + 45 - 37. Suppose -5*y + 613 = 4*k, -y + 2*k = f*y - 601. Let g(a) = -3*a - 1. Let p be g(-4). What is the highest common divisor of y and p?
11
Suppose 13 = 9*x - 32. Suppose d + 3*p = 4, -4*p = 2*d + x - 23. What is the highest common divisor of d and 171?
19
Suppose -992*l + 994*l = 3*z - 45